= y - 2. What is p(o)?
0
Let q(l) = -l**3 - 8*l**2 + 2*l + 15. Let a(n) = n**3 + 8*n**2 - 3*n - 14. Let c(u) = -7*a(u) - 6*q(u). Determine c(-9).
8
Let d(h) = -6*h + 60. Let a be d(11). Let g(l) = -l**2 - 4*l + 8. Determine g(a).
-4
Let t(k) be the third derivative of -k**4/24 - k**3/2 - 3*k**2 - 9*k. What is t(-5)?
2
Suppose 0*s = s + 5. Let y = 5 + s. Let f(k) = -k + 2*k + 2*k**2 - 3*k**2. Give f(y).
0
Let q(k) be the second derivative of -k**7/840 - k**6/180 + k**5/60 - k**4/8 - k**3/6 - 4*k. Let z(u) be the second derivative of q(u). Calculate z(-3).
0
Let q(r) be the third derivative of r**7/840 + r**6/60 + r**5/20 + r**4/4 + r**3/6 - 2*r**2. Let h(l) be the first derivative of q(l). Give h(-5).
1
Suppose -4 = j - 2*i - 1, 28 = 4*j + 2*i. Let n(f) = -f. Give n(j).
-5
Let y(s) = s**3 - 7*s**2 + 7*s - 7. Let v(k) = 5*k**3 + k**2 + k - 1. Suppose 0 = -4*w + 4. Let c be v(w). Calculate y(c).
-1
Suppose 7*t - 3*t - 12 = 0. Suppose 5*l = t*l - 3*f, 1 = l + 2*f. Let w(o) = -o**2 - 2. What is w(l)?
-11
Let d(g) = -g - 3. Let x(q) be the first derivative of -q**3/3 + 5*q**2 - 9*q - 3. Let i be x(9). What is d(i)?
-3
Let r(k) be the first derivative of -1/4*k**4 - 3 + 0*k**3 - 6*k - 1/2*k**2. Suppose 2*u = -u. Calculate r(u).
-6
Let x(t) = 7*t**2 + t + 6. Let l(j) = 8*j**2 + j + 7. Let k(m) = 6*l(m) - 7*x(m). Give k(3).
-12
Suppose g - 2*q = 3*q + 27, 3*g - 31 = 5*q. Let d = 2 - g. Let h(c) be the second derivative of -c**4/12 - 9*c**2/2 - 22*c. Give h(d).
-9
Let b(l) be the first derivative of -l**4/4 + 8*l**3/3 - 3*l**2 + 2*l + 12. Determine b(7).
9
Let y = -28 - -26. Let l = -3 + 5. Let r(a) = 2*a**2 - l - 2*a - 2*a + 5*a. What is r(y)?
4
Let d(p) = p**3 - 2*p**2 + 1. Let b(t) = t**3 - t**2 - 10. Let w be b(0). Let q = w - -26. Suppose 2*g + 3*m + 9 - 2 = 0, -g + 5*m = -q. Determine d(g).
0
Let k(b) = -b + 1 + 0*b**2 + 4*b**2 + b**2 - 4*b**2. Let x be 11/9 + 8/(-36). Let v be x + 1 - (-1 + 2). What is k(v)?
1
Suppose y + 0*y + b - 1 = 0, 0 = 4*y + b - 7. Suppose -4*x = -y*x + 2*i + 18, -2*x + 4*i + 6 = 0. Let j(t) = t + 1. What is j(x)?
-4
Let r = -138 + 140. Let s(l) = 2*l**2 - l + 2. What is s(r)?
8
Suppose 0 = -3*o - o - 12. Let v = -1 - o. Let i(p) = v + 2*p - 3*p + 5. What is i(5)?
2
Suppose 19 = 3*s + 7. Let g(i) = -s*i**2 - 6*i + 5*i + 3*i**2 - 4 - 3. Calculate g(0).
-7
Let t(n) = -n**3 - 5*n**2 - 2*n + 1. Suppose -4*z - 9 - 3 = 0, 4*z = 3*g - 15. Let f be (0 - -2)*(0 - g). What is t(f)?
-7
Let t(k) be the third derivative of k**6/120 + k**5/10 + k**4/24 + k**3/2 - k**2. Let f be 6/9 - 100/15. Give t(f).
-3
Let s = -8 - -2. Let v = s + 8. Let j(i) = 3 + i**v - 3 + 6*i + 4 - 1. Give j(-4).
-5
Let q = -6 - -13. Let s(x) = x - 1. Give s(q).
6
Let m be (-8)/(-1) + 2 + -2. Let k(o) = -o**2 + 9*o - 8. Let r be k(m). Let v(l) be the second derivative of -l**4/12 - l**3/6 - 3*l**2 + l. Determine v(r).
-6
Let b be 5 - (-4 - 0)/(-4). Let t(l) = -l**2 + l + 5. What is t(b)?
-7
Let g = -3 + 6. Suppose 3*f = -6, -6*f = g*h - f + 7. Let m(t) = t + 4. Let j(u) = -u - 5. Let w(l) = -3*j(l) - 4*m(l). What is w(h)?
-2
Let j(g) be the second derivative of -g**7/840 - g**6/120 + g**5/60 + g**4/12 + g**3/2 - g. Let p(z) be the second derivative of j(z). What is p(-4)?
10
Let x(n) = -n. Let l be x(-2). Let m(w) = -w**l + 11 - 15 - 3*w + 5*w - w. Determine m(0).
-4
Suppose -x + 2 = -1. Suppose d = -x*v - 20, -2*v - 4 = -3*d + 24. Let a be (10/(-4))/((-4)/v). Let k(y) = y**3 + 6*y**2 + 3*y - 4. Determine k(a).
6
Let z = 7 + 12. Suppose 2*w = -w + 2*v, -5*v = 2*w - z. Suppose w*a - 7 + 1 = 0. Let h(c) = c**2 - c + 1. Calculate h(a).
7
Let x = 2 - 2. Let r(u) = -5*u**2 - 5*u + 8. Let t(p) = 6*p**2 + 6*p - 9. Let s(b) = -5*r(b) - 4*t(b). Give s(x).
-4
Let w(q) be the second derivative of -q**4/12 + q**2/2 + 4*q. Calculate w(3).
-8
Let n = 3 + -1. Let q(z) = n*z**3 - 3*z**3 + 0*z**3 - 4*z**2 - 5. Suppose -20 = 7*i + 8. What is q(i)?
-5
Let d = -7 + 13. Let t(o) be the third derivative of -o**5/60 + o**4/12 + 4*o**3/3 + 5*o**2 - 2. Calculate t(d).
-16
Let u(n) = 12*n - 8. Let w be u(1). Let l(v) = v**3 - 5*v**2 + 5*v - 1. Give l(w).
3
Let x(y) = 4*y**2 + 5*y - 3. Let d(g) = g**2 + g + 2. Let j(f) = -5*d(f) + x(f). Calculate j(0).
-13
Let m(x) = 0 - 2 + 2*x + 1. Let f(v) = v**2 - 5*v - 7. Let h be (-18)/(-4) - 33/(-22). Let b be f(h). Calculate m(b).
-3
Suppose 0 = 3*g + 4*t + 20, 0*g - g = -t + 2. Let d(z) = -z. What is d(g)?
4
Let p(x) be the second derivative of 5/2*x**2 + 1/3*x**3 + 0 + 3*x. Give p(-4).
-3
Suppose 47 - 15 = 2*t. Suppose 0 = 2*m - 6*m + t. Let y(h) = -h**2 + 3*h - 5. What is y(m)?
-9
Let b(t) = t**2 + 3*t - 1. Suppose -3*h + 12 = r, 2*h + 3*h - 3*r = 20. Suppose 0 = -5*s - 19 + h. What is b(s)?
-1
Let b(x) = -3*x - 3. Let z be (-26)/(-3) + 8/(-12). Suppose 3*t - t - 22 = 3*c, 5*t + z = -3*c. Give b(c).
15
Let s(f) = -2 + 0*f**3 - f**3 + 4*f**2 + 2*f**3 - 5*f. Let w(h) = -h**3 + 6*h**2 - 4*h - 3. Let r be w(5). Let i = r + -7. Determine s(i).
-2
Let x be 0/1 + (-6 - -1). Let c(d) = 2*d**2 - 5*d - 5. Let b(h) = h**2 + h**2 - 2*h**2 - h**2. Let t(v) = -3*b(v) - c(v). Calculate t(x).
5
Suppose 5*w + 14 = 3*a, -6*a - 3*w = -3*a + 18. Let y(n) = n + 2. Calculate y(a).
0
Let y(m) = -m + 3. Let w be y(4). Let q(p) = 3*p + 1. Give q(w).
-2
Suppose 0 = 18*n - 17*n - 5. Let u(a) = -2*a + 2. Determine u(n).
-8
Let f(o) be the second derivative of 1/3*o**3 - 5/2*o**2 + 4*o + 0. Calculate f(4).
3
Let g(b) = -3*b + 5. Let z(i) = i + 9. Let x be z(-9). Suppose 4*o + o - 25 = x. Determine g(o).
-10
Suppose 0 = -l + 2*l + 1. Let c(b) = b**2 - 1. Let a(w) = 4*w**2 - w - 1. Let i(o) = l*a(o) + 3*c(o). Suppose -2*p + 0 = -6. What is i(p)?
-8
Let o(a) = 1 - 3 + 4 - 1 - 7*a. Let v = 24 - 22. Calculate o(v).
-13
Let o(p) = -6*p - 4. Let j(m) = -5*m - 3. Let t(c) = 5*j(c) - 4*o(c). What is t(7)?
-6
Suppose 5*k + 2*s = -7, k + 3*s + 5 = -k. Let l(z) = -z**3 + z**2 - z + 1. Let y(p) = 3*p**3 - 6*p**2 + 3*p - 6. Let g(a) = k*y(a) - 5*l(a). What is g(-1)?
-2
Let l(r) be the third derivative of -r**7/840 + r**6/360 + r**4/8 + r**3/2 + 2*r**2. Let q(w) be the first derivative of l(w). Determine q(0).
3
Let s(k) = -k**3 - 3*k**2 - 7*k. Let c(r) = 6*r**3 + 15*r**2 + 36*r - 1. Let f(j) = 2*c(j) + 11*s(j). Suppose -4*y + 6 = -2*b, y + 41 = 5*y + 5*b. Give f(y).
-6
Let c(g) = -g**3 - g**2 + 4*g + 2. Let x = 20 - 15. Let m = 8 - -7. Let n be m/x*(-1)/1. Give c(n).
8
Let s(i) be the third derivative of i**6/360 - i**5/20 - i**4/8 - 3*i**2. Let u(r) be the second derivative of s(r). Give u(5).
4
Let s(k) = -k**3 - 4*k**2 + 4*k + 1. Let l be (-21)/4 - (1 + 30/(-24)). Give s(l).
6
Let r(c) = 7*c**2 + 7*c - 2. Let y(t) = 3*t**2 + 4*t - 2. Let v(u) = 2*r(u) - 5*y(u). Let h(i) = -3*i - 1. Let z be h(2). Give v(z).
-1
Let o(j) = -14*j + 4*j**2 + 3 + 6*j - j. Let p(d) = -6*d**2 + 13*d - 4. Suppose -a = -0*a - 5. Let v(n) = a*p(n) + 7*o(n). Give v(3).
-11
Let h(i) = 2*i + 2 - i - 2*i. Let u be h(3). Let w(r) = 3*r**3 - r**2 - r. Let v be w(u). Let l(k) = 2*k - 2. Determine l(v).
-8
Let g(k) = 3*k - 6. Let w(h) = h - 3. Let j(x) = 2*g(x) - 5*w(x). Let y = 103 + -106. What is j(y)?
0
Let m(s) be the second derivative of 5*s**4/12 - s**3/6 + s**2/2 - s + 24. Give m(1).
5
Suppose 0 = 5*t - 1 + 6. Let p be (-1 - 0)/t + 1. Suppose b + b + p = 0. Let d(c) = -4*c. Give d(b).
4
Let o(m) be the first derivative of m**4/2 + 5*m**3 + 11*m**2/2 - 11*m - 2. Let n(k) = k**3 + 8*k**2 + 6*k - 6. Let c(v) = -7*n(v) + 4*o(v). Determine c(-2).
2
Let u(f) = -2*f - 5. Let r(j) = 4*j + 11. Let h(w) = -2*r(w) - 5*u(w). What is h(-7)?
-11
Let c(k) = -2*k**2 - 2*k + 6. Let t(i) = -1. Let v(l) = -c(l) - 4*t(l). Calculate v(-4).
22
Let a(z) = -z**2 - 4*z - 1. Let c(m) = m**3 - 3. Let q be c(0). Let j be a(q). Let r(i) = i + i**j + 0*i**2 + 2 + 0*i**2 - 9. Give r(0).
-7
Let u(y) = 2*y**2 - 4*y + 2. Let h be (12/(-2))/(3/(-2)). Suppose -4*q - 4 = -8*q. Let d = h - q. Give u(d).
8
Let i(n) = -n**3 - n**2 - n + 7. Let r = 16 + -16. Give i(r).
7
Let c(h) be the third derivative of -h**6/120 + h**4/24 + h**3/6 - h**2. Suppose 2*u = -5*u. Calculate c(u).
1
Suppose 0 = -2*x - v + 5, -4*x = -4*v + v - 25. Let k(p) = p**3 - 5*p**2 + 2*p + 2. What is k(x)?
-6
Let v(f) = 26*f + 2. Let b be v(1). Suppose 0 = -2*d + l + 5, 2*l = 4